. Calculate i(-9).
-14
Let l(y) = -4*y - 214. Let b be l(-56). Let v(t) = -t**3 + 10*t**2 + 2*t + 3. What is v(b)?
23
Let n(j) = 3 - j**2 + 1 - 5 - 5 - 7*j + 2. Calculate n(-9).
-22
Suppose 3*i + 1305 - 1287 = 0. Let n(x) = -2*x**3 - 13*x**2 + x - 12. Determine n(i).
-54
Suppose -2*u = 116 + 462. Let r be u/51 + (-10)/(-6). Let b(h) = 2*h**2 + 6*h + 2. What is b(r)?
10
Let f(w) = -w**3 - 5*w**2 - 14*w - 18. Suppose -5*l - 27 = -2*o, -14*o + 5*l = -10*o - 19. What is f(o)?
22
Let p(r) = 4*r**3 - 3*r**2 + 2*r**2 + 2*r**2 - 3*r**3 + r + 2. Let l = 9 + -9. Calculate p(l).
2
Let y be (12 + -6)/(-2*3/9). Let t(n) = 10*n + 94. Let v be t(y). Let u(j) = -j**2 + 6*j - 3. What is u(v)?
5
Let a(b) be the first derivative of 1/2*b**2 - 20*b - 60. Calculate a(13).
-7
Let a(s) be the third derivative of -s**4 - 7*s**3/6 - 10*s**2 + 140*s. Determine a(-2).
41
Let r(s) be the second derivative of 3*s**3/2 - 45*s**2/2 - 506*s. What is r(4)?
-9
Let j be 1*2 + (-28)/7. Let l be (0 + -3 + 3)/j. Let m(z) be the third derivative of -z**5/60 + z**4/24 + 13*z**3/3 + 2280*z**2. What is m(l)?
26
Let n(j) = -j**2 - 150 - 10*j**2 - 3*j**2 - 7*j + 13*j**2 + 145. Give n(0).
-5
Let s(y) = -y**2 - 8*y - 8. Suppose 0 = 8*n - 19*n - 88. Let j be s(n). Let u(m) = m**2 + 10*m + 4. Determine u(j).
-12
Let w(h) be the second derivative of 123*h - 1/6*h**3 + 10*h**2 + 0. What is w(14)?
6
Let n(k) be the second derivative of -k**5/20 - 5*k**4/6 + 5*k**3/3 - 7*k**2/2 + 872*k. What is n(-11)?
4
Let f(t) = 4*t + 7. Let w(h) = -3*h - 7. Let y(r) = 5*f(r) + 7*w(r). Let z = 0 - 14. Determine y(z).
0
Let u(a) = -3*a + 3. Let x(m) = 2*m + 39. Let z be x(-15). Suppose 5*i - z*i + 28 = 0. Suppose -13*y + i*y - 30 = 0. Give u(y).
18
Let h(z) = 12249065*z**2 + 1 + 26*z + z - 12249092*z**2 - z**3. Calculate h(-28).
29
Let f(q) = -q**2 + 3*q + 3. Suppose -4*c + 0*c + 610 = s, -2*s + 460 = 3*c. Let y be 16/c - 370/(-95). Give f(y).
-1
Let s(b) = b**2 + 0*b - 10*b + 57 - 62. Let u be 2/(-32) - 4956/(-448). Give s(u).
6
Suppose -5*u + 9*u - 16 = 0. Let k(r) be the first derivative of r**3/3 - 4*r**2 + 11*r + 893. Calculate k(u).
-5
Let a = 90 - 41. Suppose 0 = -46*r + a*r - 786. Let m(o) = -262*o**2 + r*o**2 + 2*o**3. What is m(-1)?
-2
Suppose 5*l - 56 = 24. Let d = 28 - l. Let j = 6 - d. Let i(y) = -y**3 - 7*y**2 - 4*y + 6. Calculate i(j).
-6
Let p(m) be the third derivative of 11/60*m**5 + 0 + 5/6*m**3 - 1/120*m**6 - 3*m**2 + 1/2*m**4 + 0*m. Give p(12).
5
Suppose 0 = 11*k - 2 - 9. Let s(x) = x - 3. Let c(d) be the third derivative of d**3/6 + 7*d**2. Let g(t) = k*s(t) - c(t). Give g(-3).
-7
Let h(f) = -31*f - 77. Let m(i) = -6*i - 2. Let c(n) = -h(n) + 6*m(n). Determine c(14).
-5
Let w(t) = 23*t + 23*t + 32 + 4 - 59*t + 2*t**2 - 64*t. Give w(38).
-2
Let l = 41 - 48. Let o(z) = z + 10. Let s be o(l). Let g(d) = 10 + 2*d**s - 3*d**3 + 5*d + 6*d**2 + 3*d**3 - 3*d**3. Give g(7).
-4
Let h(l) = l**2 - l - 1. Let o(p) = -4*p**2 + 9*p + 79. Let d(j) = -3*h(j) - o(j). Let y be d(12). Let z(n) = -3*n + 2. Give z(y).
14
Let l(z) = 2*z - 13. Suppose 0 = 720*o - 807*o + 783. Give l(o).
5
Let j be -20 + 17 - (5*-15 - 0). Let g = j - 68. Let b(y) = 2 - 3*y + g*y + 0*y. Determine b(7).
9
Let p(k) = 30*k + 16. Let l(n) = 6*n + 3. Let b(g) = 11*l(g) - 2*p(g). Let w be b(1). Let u(d) = d**2 - 6*d - 10. Determine u(w).
-3
Let a(i) = 9*i**2. Let g = -317 + 266. Let b be (-6)/g + 323/(-289). What is a(b)?
9
Let r be ((-3)/(-27)*723)/((-2)/6). Let i = 239 + r. Let d(q) = 6*q - 2. Calculate d(i).
-14
Let a(b) be the second derivative of -b**5/20 + 7*b**4/12 - 2*b**3 + 5*b**2 + 3*b + 24. Determine a(5).
0
Let w(s) = -13*s - 229. Suppose 3*g - 95 = 5*v, -3*v + 351*g - 57 = 356*g. What is w(v)?
18
Let y(v) = -7*v**3 + 7*v**2 - 5*v + 1. Let i(k) = -20*k - k + 1 + 14*k**2 + 8*k - 15*k**3 + 3*k. Let l(m) = -6*i(m) + 13*y(m). Calculate l(6).
13
Let q(i) = 8*i**3 - 2*i**2 - 8*i - 4. Let y(j) = 15*j**3 - 4*j**2 - 15*j - 7. Let f(n) = -11*q(n) + 6*y(n). Let w be (-19)/(285/(-18))*-5 + 8. What is f(w)?
6
Let u(a) = a**2 - 2*a - 6. Let v(q) = 4*q**2 - 8*q + 11. Let r be v(4). Let w = -42 + r. Let k(l) = 5*l**3 + l - 1. Let g be k(w). Give u(g).
9
Let u = 40433 + -40439. Let y(d) be the third derivative of d**7/2520 + d**6/80 - d**5/30 + 2*d**2. Let q(s) be the third derivative of y(s). Determine q(u).
-3
Let i(g) = -2*g**2 + 11*g + 23. Suppose -2*j - 3*m + 30 = 0, -3*m + 281 = -j + 278. What is i(j)?
-40
Let s(f) be the third derivative of 5/24*f**4 + 2*f + 0 - 178*f**2 - 3/2*f**3. Give s(2).
1
Let b(o) = 4*o**3 + 9*o**2 - o - 7. Let u(j) = -j**3 - j**2 - j. Let w(g) = -b(g) - 3*u(g). Suppose -74*h = -4*z + 143 + 187, 15 = h - 2*z. Give w(h).
-38
Let j(s) = 447*s + 3132. Let f be j(-7). Let a(z) be the third derivative of 1/6*z**f - 1/30*z**5 + 0 + 0*z**4 - 1/20*z**6 - 24*z**2 + 0*z. What is a(-1)?
5
Let l(h) = 18 + 55*h**3 + 3*h - 23*h**3 - 18*h**2 - 12*h**3 - 21*h**3 - h. Determine l(-18).
-18
Suppose -5*f - r + 152 = 0, 4*f + 2*r + 383 = 501. Let i(o) = -o**3 + 32*o**2 - 46*o + 460. Give i(f).
-5
Let m be (-7 - -6)*(-21 + 8 - -3). Let r(j) = j**3 - 10*j**2 + 4*j + 10. Calculate r(m).
50
Let v(m) = 7*m. Let t be (20 + 1 - 3)*1. Suppose -5*k - 90 = -10. Let z = k + t. What is v(z)?
14
Let g(l) = -95*l + 16. Let t(o) = 14*o - 3. Let f(x) = -g(x) - 6*t(x). Give f(-1).
-9
Let q(a) be the second derivative of -5*a**3/6 - 3*a**2/2 + 5621*a. Give q(-3).
12
Let q(f) = -4*f**2 + 0*f - f**3 - 275 + 266 + 7*f + f - 12*f. Let p(x) = -x**2 - 5*x + 10. Let t be p(-7). Calculate q(t).
7
Let u(a) = -3*a**3 + 46*a**2 - 10*a + 41. Let d(w) = w**3 - 4*w**2 + 2*w. Let h(c) = -4*d(c) - u(c). Determine h(-30).
-101
Let c(r) = 5*r**2 + 17*r + 27. Let w(d) = 3*d**2 + 11*d + 18. Let l(x) = 5*c(x) - 8*w(x). Let f = -1492 - -1497. Determine l(f).
1
Let m(k) = k**3 - 3*k**2 - 5*k + 5. Let j = -619 - -616. Let r(t) = 3*t**2 + 9*t + 5. Let v be r(j). Calculate m(v).
30
Let n be 10/4*18/(-15). Let k be (2/(-3))/(2/n). Let v(h) = -5*h**2 + h - 1. Determine v(k).
-5
Let g(d) be the first derivative of 58 - 7*d**3 + 12*d + 11*d - 24*d. Give g(1).
-22
Let j be (0 + 1)*(-5)/(-1). Let x(i) = -58*i**2 - 143*i + 46. Let a(u) = -32*u**2 - 80*u + 26. Let s(z) = -9*a(z) + 5*x(z). Calculate s(j).
-29
Let i be ((-18)/(-10))/((-53)/(-265)). Suppose 0 = -2*h + 1 - i. Let c(j) = -j**2 - 6*j - 3. Give c(h).
5
Let m(j) = -785*j - 78 + 392*j + 382*j. Calculate m(-7).
-1
Let x(i) = i - 65. Let c = -7934 - -7961. Give x(c).
-38
Let l(n) = -n + 3. Suppose 5*p - 39 = 1. Suppose 5*i - 10 = -5*u, -3*u + p*i - 2 = 3*i. Suppose -5*h - s + 30 = u, -4*h + 2*s + 12 = 0. Calculate l(h).
-2
Let o be (-2 + 6/3)*1. Let c(f) be the second derivative of f**5/20 - 3*f**2 + 589*f - 6. What is c(o)?
-6
Let x(r) be the third derivative of r**4/8 + r**3 + 242*r**2 - 3*r. Give x(1).
9
Let t(o) = 41*o + 409. Let c(x) = -63*x + 3077. Let m be c(49). Calculate t(m).
-1
Suppose -4*w + 424 = y, 3*w + w + 3*y - 416 = 0. Let g = -104 + w. Let m(f) = -4 + 8*f**2 - 7*f**2 - 4*f**2 + 2*f**3 - 2*f. Determine m(g).
17
Let a(v) = 3*v + 96 + 3*v**2 - 33 - 3*v**2 - 45 - v**2. Give a(6).
0
Let r(b) be the second derivative of 1/3*b**4 - b + 1/10*b**5 + 1/3*b**3 + 0*b**2 - 6. Give r(-3).
-24
Let t(l) = -4*l - 3170 + 5*l + 3182. Let k(g) = -2*g**2 - 13*g + 1. Let a be k(-7). Let n(h) = -3*h - 36. Let o(c) = a*n(c) - 17*t(c). Determine o(-6).
6
Let f be 3/2*70/15. Let x(p) = 11091*p + 9 - p**2 - 5543*p - 5542*p. Calculate x(f).
2
Let b(g) = -3*g**3 - 5*g**2 + 8*g. Let v be -2*(-2)/((-20)/25). Let i(h) = 7*h**3 + 9*h**2 - 17*h - 1. Let s(f) = v*b(f) - 2*i(f). Give s(-8).
-14
Let x(l) = -9*l**2 - 3*l - 47. Let w(h) = 11*h**2 + 3*h + 45. Let z(c) = -5*w(c) - 6*x(c). Calculate z(9).
3
Let n(a) be the second derivative of -1/6*a**3 + 1/20*a**5 + 0 - 17*a - 1/2*a**2 + 1/2*a**4. Give n(-5).
29
Let m(f) = f**2 + 5*f - 9. Suppose -4*p - 4 = -156*c + 155*c, c - 2*p - 4 = 0. Determine m(c).
27
Let z(d) = -2*d**3 + 5*d**2 - 11*d + 97. Let w be z(4). Let k(c) be the third derivative of -c**2 - 1/60*c**w + 1/2*c**3 + 1/4*c**4 + 0*c + 0. Calculate k(6).
3
Let p = -66 + 54. Let y be 28/(-6) - (0 + (-4)/p). Let f(d) = -4*d**2 + 3*d - 2. Let v(h) = -7*h**2 + 5*h - 4. Let o(c) = y*f(c) + 3*v(c). What is o(2)?
-6
Suppose 5607*f = 5694*